 Let a = -1345 - h. Suppose 981 = 5*q - a. Is q composite?
False
Suppose 0 = -2*h + 3*h + 4*s - 35, 2*s = -3*h + 55. Suppose -h*l = -65*l + 102450. Is l a prime number?
False
Let y = -1132 - -2356. Suppose -7*q + 5*q + 2458 = 3*u, 3*u + 2470 = 2*q. Suppose -2*n - s + y = 0, -2*n + 7*s + q = 4*s. Is n prime?
True
Let d = 45742 - 29559. Is d composite?
False
Is 14/63*(-2)/6 - (-21296176)/1188 a prime number?
False
Let g = -27 + 35. Let y(x) = 699*x - 5. Let q be y(g). Suppose 3*d - q = -m, 5*d - 948 = -m + 4643. Is m composite?
False
Let c be (-153366)/(-9) - (9 - 155/15). Let q = -10273 + c. Is q a composite number?
True
Let v = 288187 - 192246. Is v prime?
False
Suppose -17*v - 13*v + 76830 = 0. Let p = 4038 - v. Is p a prime number?
False
Let j(f) be the third derivative of -1/120*f**6 + 0*f - 11/6*f**3 + 20*f**2 - 1/6*f**4 + 0 - 11/60*f**5. Is j(-12) composite?
False
Suppose -124404 - 37386 = -5*v. Suppose 4*i - 5*l = 43117, -6*i + 9*i = -3*l + v. Is i prime?
False
Suppose 21*g - 6 = 20*g. Suppose g*i - 2*i = 24. Is -3*((-1484)/i - -3) a prime number?
True
Let s = 313 + 724. Suppose -6*q = -s - 17725. Is q a prime number?
False
Suppose -c + 5064 = -5*v - 8111, -5*v - 13175 = c. Suppose -2*x + 4*x + 18608 = 5*g, 5*g + 4*x - 18614 = 0. Let d = g + v. Is d prime?
True
Let r(m) = -m**3 - 8*m**2 - 3*m - 9. Let s be r(-7). Let g = s - -103. Is (44/8)/(3/g) a prime number?
False
Suppose -48*o = -47*o + 5, -6*y + 9819 = 3*o. Is y composite?
True
Let q(w) = -581*w - 14. Let b = 9 - 11. Let f(x) = 581*x + 13. Let z(u) = b*f(u) - 3*q(u). Is z(3) composite?
False
Suppose 13*g + 26049 = 610984. Is g a composite number?
True
Let b = 445 + -383. Suppose y + 4*c = -0*y + b, 5*y - c = 415. Is y a composite number?
True
Let a = 64 + -59. Suppose -400 = -4*z - a*j, -2*z - 2*j + 293 = z. Is z a prime number?
False
Suppose -224 = -5*p - 1994. Let o = p - -1505. Is o composite?
False
Let r(f) = 7*f**3 - 2*f**2 + 3*f + 10. Let l be r(4). Suppose 2*p - 4*v + l = 3*p, -5*p = -4*v - 2094. Suppose -4*q = -2*q - p. Is q a prime number?
True
Suppose -4*w + 2*m + 957410 = 0, w = -26*m + 21*m + 239402. Is w composite?
False
Suppose 2012*p - 179272 = 2004*p. Is p a composite number?
False
Let s(k) = -3*k + 5117. Let f be s(0). Let r = 7452 - f. Is r a prime number?
False
Suppose -2*t = -3*z + 820727, -4*t - 10 = -6*t. Is z a prime number?
False
Let n(v) = 45*v**3 - 2. Let w(i) = -29 + 22*i + 3*i - 5*i**2 + 6*i**2 + 77. Let u be w(-23). Is n(u) prime?
False
Suppose 2*y + m - 2 = -0*m, -1 = -y - 3*m. Let o(v) = -v + 1. Let n(t) = 222*t - 7. Let f(u) = y*n(u) - 2*o(u). Is f(4) a prime number?
True
Let o(p) = -219*p**3 + 2*p - p + 3*p - 5*p + 9. Is o(-4) composite?
False
Let j be (1 + -1)/(17 + -19). Suppose j = 5*y + 10*y - 126975. Is y a composite number?
True
Let o(s) = 2816*s - 95. Let f be (-13)/((-1287)/(-22)) - (-148)/18. Is o(f) a prime number?
True
Let l = -84 + 84. Suppose 7*y + 6*y - 117 = l. Is y/(-9) + 566/1 a prime number?
False
Suppose 5*z = f - 12*f + 786274, 3*z - 71482 = -f. Is f prime?
True
Let y = -791 + 1214. Let f = y + 332. Suppose f = 2*i - 351. Is i a composite number?
True
Let d be -9 + (4 - (0 + -3)). Is (-5037)/(-6) + (-2 - 3/d) a composite number?
False
Let l(f) = 3029*f**2 - 282*f - 4125. Is l(-14) prime?
True
Suppose 5*o - 28 = s, 10 = 5*o - 0*o + 5*s. Suppose -o*a - 3*b + 5*b = -65443, 3*a = 4*b + 39263. Is a composite?
True
Suppose -6*y = 4*k - y - 49, 2*k + 4*y = 32. Suppose a = 2*l - 7, 63*l + 7 = 64*l - 4*a. Suppose -20 = -s + k*s, 4*b - 1016 = l*s. Is b composite?
False
Let j be (15/5)/(-3)*36*-1. Let t be ((-8)/(-16))/((-2)/j). Let y(h) = 21*h**2 + 7*h + 17. Is y(t) a prime number?
False
Is 4358620/490*21/6 a composite number?
True
Let p(l) = 3*l + 1329. Is p(-4) a composite number?
True
Suppose 12350 + 25716 = 8*f + 4458. Is f a prime number?
True
Suppose 0 = -19*c + 978599 + 645312. Is c prime?
True
Suppose 290*a - 288*a + 2 = 0. Is (-33753)/(4 - (-7)/a) composite?
False
Suppose 2*w + 42 = 8*w. Suppose -w*f + 12896 = -17463. Is f a prime number?
True
Suppose 2 - 19 = q + 5*l, 0 = 5*q - 5*l - 65. Is (-70147)/(-99) - q/(-18) composite?
False
Let p be 59/(-1)*42/1 - 2. Let l be p/2*-7 - -2. Let k = 12787 - l. Is k a prime number?
False
Let n(w) = 82*w - 305. Let t be n(4). Suppose -t*l + 115669 + 34314 = 0. Is l a composite number?
False
Let q = -5607 + 10376. Is q a composite number?
True
Let k(w) = 219*w**2 - 5*w - 1. Let t be k(-19). Suppose 5*d = t + 7402. Is d a composite number?
True
Let k = -59085 - -140428. Is k a composite number?
False
Suppose 34 - 2 = 8*f. Let s(n) = 42*n - 7. Let o be s(f). Suppose -4*z + o = -2067. Is z a composite number?
False
Is 4/14 - (-17242335)/693 a composite number?
True
Let u(y) = 87*y**3 - 3*y**2 + 3*y - 1. Suppose 0 = -3*d - 75 + 78. Let n be u(d). Let v = n + 105. Is v prime?
True
Suppose 2*g - 4*g = -36510. Let p = -8533 + g. Is p a prime number?
False
Let a be 28*(2 - 1161/(-6)). Let j = 9957 - a. Suppose -4*l + j = 1287. Is l a prime number?
False
Suppose 30*z + 40 = 38*z. Suppose -5*x + 7*n - 9*n + 2437 = 0, 1953 = 4*x + z*n. Is x a prime number?
True
Suppose -4*z + 24 = 4*z. Suppose -2*p - z*p + 17485 = 0. Is p a prime number?
False
Let i(f) be the second derivative of 47*f**4/6 - 4*f**3/3 - 17*f**2/2 + 3*f + 42. Is i(-3) a composite number?
False
Suppose 0 = -5*h + 4*c + 24, -5 = 4*h - 4*c - 21. Let v be (4/1)/(5 + h/(-2)). Suppose -4*t + v = -4. Is t composite?
False
Let k = -36857 - -66246. Suppose -5*o = 2*i - 48975, -9*i = 3*o - 7*i - k. Is o prime?
False
Suppose 73*m = 76*m - 50355. Let j = m - 3550. Is j a composite number?
True
Suppose -j + 1221 = 101. Let c = 745 - j. Let y = 704 + c. Is y prime?
False
Let x = -529889 + 861690. Is x a composite number?
False
Is 31 - (-4470)/(-150) - (-3650758)/10 a prime number?
False
Let q = 241 - 229. Is 533080/(-24)*q/(-4) a prime number?
False
Let u(o) = 4*o**3 + o - 1. Let l be u(1). Suppose 2*x - 3*f = -3*x + 17788, -2*f + 14226 = l*x. Is x a composite number?
False
Let m = 2 + 39. Let i = -39 + m. Suppose -2802 = -6*n + 2*n - i*z, 4*z = -2*n + 1398. Is n prime?
True
Suppose -3*i = -3*d + 12, 10*i + 12 = 3*d + 6*i. Let o(p) = 472*p**2 + 11*p - 37. Is o(d) composite?
False
Suppose -12 = -t + 3*t. Is (-4 - 30/t)/((-2)/(-212)) a prime number?
False
Let c(d) = 27*d**2 - 123*d + 2827. Is c(23) prime?
True
Suppose -4*x + 1716768 = -4*l, 5*x - 3*l = 1762598 + 383372. Is x a prime number?
True
Let y = 85383 + 50510. Is y prime?
True
Let v(q) = 1241*q**2 + 11*q - 451. Is v(14) composite?
True
Let z = -3623 - -32986. Is z prime?
True
Is 6/(-63) + (-71129888)/(-336) + 13 a prime number?
False
Let r = 1374 + -1928. Let f = r - -3825. Is f prime?
True
Suppose 0 = -4*v - 47*z + 52*z + 460316, -3*v + 345231 = -3*z. Is v composite?
True
Suppose -34*d - 1462834 = -64*d + 4763396. Is d prime?
True
Suppose -5*p = -3*k + 54029, 0 = -32*k + 33*k + p - 18015. Is k a composite number?
False
Let k be -1 + 7 - (0 - -4). Suppose 3*u = -k*r + 2257, -3*r = 3*u + 1051 - 3307. Is u a composite number?
True
Let t be (-1)/3*(-534957)/(-1 + 2). Suppose -38*y + 15*y = -t. Is y a composite number?
False
Let u(s) = -s**3 + 8*s**2 + s + 10. Let c be u(10). Let b = -69 - c. Is b composite?
True
Suppose -2*h + 128137 = -h - 143958. Is h prime?
False
Suppose -38 = 4*l + 74. Let g = -26 - l. Suppose -5*p + 10032 = x + 2088, -g*x + 1587 = p. Is p a prime number?
False
Let x(s) = 452*s**2 - s - 4. Let u be x(-2). Let i = u - -1709. Suppose 0 = -5*h + i + 3840. Is h a composite number?
False
Suppose -5*d + 12 - 167 = 0. Let j = d + 31. Suppose j = c + 3*u + 1551 - 5932, 3*u - 8762 = -2*c. Is c composite?
True
Suppose -2*j - 3*l = j - 18552, 2*j - 4*l = 12332. Is j a composite number?
True
Let q(l) = -2*l**3 - l**2 + 12*l - 16. Let h be q(-15). Suppose -4*s - 5062 = 2*v, -2*v = 4*s + s + h. Let i = s - -2136. Is i prime?
False
Is ((-55)/15 - -3)*118191/(-2) composite?
False
Suppose -10*a - 34335 + 12105 = 0. Let l = a - -3785. Suppose 0 = 5*o - l - 4713. Is o prime?
False
Let w(m) = 2*m**3 - 32*m**2 - 17*m - 27. Let l be w(14). Let u = 234 - l. Is u a prime number?
True
Let c(s) = -7*s**2 + 78*s + 984. Let l be c(-33). Let w(y) = -14597*y**3 + 2*y + 1. Let i be w(-1). Let b = l + i. Is